lue of -1 - 11 - (38 + (0 - 13) + 12 + 19)?
-68
What is 246 + (-179 - -62) + -1 + -17 + -3?
108
What is 208 + (5 - -24 - 142)?
95
Evaluate 5 - 1 - 7 - -14 - (71 + 2 + 2).
-64
Calculate 580 + -607 - (-2 - -9).
-34
42 - (89 - 58 - 79)
90
What is -2406 + 2522 - (70 - -2)?
44
Evaluate -1 + -20 + 0 - (2793 - 2809).
-5
What is (38 - (11 - -26)) + 23 + -95?
-71
Calculate 22 + (-67 - -112) + 11 + 1.
79
Evaluate 5117 + -5111 - (1 + -8) - (-2 + -104 - -3).
116
What is 0 + -8 + -17 + -6 + (17 - 13) + -9?
-36
What is the value of (-89 - -114) + -7 + 6 + 37?
61
What is -38 + -10 + -2 + 1 + (183 - 174) + -9?
-49
What is (-1 - -1) + (-66 - -1) - ((-101 - -176) + -81)?
-59
Calculate 98 + (52 - 41 - 23).
86
-1 - -15 - (1909 + -1923)
28
What is the value of -90 - -51 - (-11 + (-2 - -11))?
-37
What is 14 - (-4 - (9 + -109) - (63 + -45))?
-64
-14 - 41 - (-13 - -3 - (-5 + 4))
-46
-31 - 9 - (208 + -259)
11
What is (150 - 158 - (-83 + 2)) + 9 + -14?
68
What is the value of (-59 - -30) + -12 - -33?
-8
What is the value of -3 - (-1 + 1) - 55 - -6?
-52
Calculate 14 + 11 - ((7 - 14) + -30).
62
What is the value of -30 + -17 + (17 + -17 + 13 - 7)?
-41
What is the value of -16 + -15 + (-41 - (-34 - -5))?
-43
94 + -70 + 70 - 154
-60
Evaluate 2 + 45 + -51 - (-29 + 0).
25
What is (-165 - -57 - -208) + -36?
64
Evaluate 1 + -8 + (-6 - -9) + -11 + 12 + -64.
-67
Calculate 1 - 4 - (19 + -1 - (-104 - (-211 + 106))).
-20
What is 58 - 66 - (-67 + (-33 - -15))?
77
Evaluate 24 + -16 + -121 + 20 + 32.
-61
Evaluate 347 + -323 + (-2 - -60).
82
(-58 - -30) + -3 + 16 - 14
-29
What is -47 - (27 + (-64 - -40))?
-50
Calculate 54 + -8 + (-101 - -10).
-45
Calculate -44 + (39 - -10 - 24) + 78.
59
What is the value of 7 - (12 - -50) - (-16 - -1) - -6?
-34
(86 - 59) + 4 + 24 + -1
54
What is the value of (-41 - -79) + (-151 - -86)?
-27
Calculate (43 - (-7 - -8)) + (-11 - 5 - (-20 + 13)).
33
Calculate 1 + 1 - (75 - (123 - 1)).
49
-14 - ((-17 - 11) + -2 - -9 - (-1 + -7))
-1
What is the value of -23 + 29 + (355 - 439)?
-78
What is the value of (-71 - -5) + (79 - 92 - (7 - 5 - 22))?
-59
What is the value of -108 - (75 - -15 - 135)?
-63
Calculate -93 - -122 - 67 - -6.
-32
What is ((22 - (20 - 4)) + (-3 - 12) - -5) + -96?
-100
Evaluate 131 + -115 - (21 - 74).
69
What is -24 - -29 - (3 + 31 + 12 - -3)?
-44
Evaluate (1 - -8 - 13 - -35) + (47 - 36).
42
Evaluate -16 - 2 - (-29 + 18) - (-35 - 4).
32
What is the value of 59 - 50 - (27 + 3) - 18?
-39
Calculate (3 - (-5 + -3)) + -6 + 6 + (-5 - -6).
12
What is 68 + -41 + (-19 - -3 - -1) + 4?
16
What is 17 + -32 + (20 - 9) + -25 + 8?
-21
Calculate (-101 - -2 - ((-49 - -40) + 4)) + 24.
-70
(-3 - (-19 - -5 - -23)) + 66 - -1
55
16 - (4 - 6 - (-113 + 71))
-24
Calculate -41 - (-34 + (-14 - -69)).
-62
What is the value of 9 + -9 - (20 + (4 - -5) + -7 + -3)?
-19
Calculate -3 + -2 + (-38 + 21 - -4).
-18
Evaluate 11 + (69 - -1) - 59.
22
4 + -4 - (-5 + 8) - 101 - (385 + -395)
-94
What is (-51 - -4) + (13 - (15 - -7 - 7))?
-49
Calculate -751 + 750 - (1 - -4 - -18).
-24
What is -11 - -75 - 55 - -43?
52
Evaluate 5 - 7 - (-6 + (0 - -9)).
-5
What is (3 - -45) + -104 - -19?
-37
0 + 23 - (10 + -1 + -16 - (-2 - -3))
31
Calculate -8 - (-28 + -32 + 46).
6
Calculate 956 + -1003 - (-3 + 1).
-45
Evaluate 26 + (-49 - -31) + -8 + (-3 + 3 - 37).
-37
Evaluate 5 + 41 - (-5 + -24 + 34).
41
Evaluate -104 + 12 + -130 + 78.
-144
Evaluate (-10 - (-9 - 1) - (26 - 2)) + 5 + -7.
-26
Calculate 309 + -396 - (18 - 49).
-56
Evaluate -28 + (21 - (-7 - -33) - 9).
-42
Calculate -3 + (5 - (0 - 2 - (41 + -51)) - 5).
-11
What is the value of -17 - (28 + -24) - -45?
24
What is 38 + (-41 - (36 - 133 - -19))?
75
Calculate (-3 - -1 - -91) + (3 - -1 - (67 + -75)).
101
What is the value of (-831 - -671) + -6 + 84?
-82
Evaluate 3 + -6 + 34 + -1 + 0 + 32 + -29.
33
Evaluate 15 + 9 + -18 + 2 - 20.
-12
What is the value of (-6 - (23 - 1)) + (27 + -15 - 1)?
-17
(3 + -2 - -86) + 4 + (1226 - 1225)
92
Evaluate (26 - (-22 + (23 - 26) + 45)) + 30 + -1.
35
What is the value of (66 - 59 - (15 - 1)) + 48 + 137 + -150?
28
Evaluate (-64 - -171 - 226) + 185.
66
-47 - (34 + (17 - 31) - 23)
-44
What is 131 + -55 + -72 - ((3 + -2 - -2) + -16)?
17
What is -97 + 18 + 22 - 14?
-71
Evaluate 1 + 1 + (-1 - 48) + 2916 + -2915.
-46
55 + -35 - ((-10 - -2) + 5 - -17)
6
What is 12 + (14 - (-6 + 69))?
-37
Evaluate (1221 - 1219) + (-1 - (3 - -1)) + 22.
19
Evaluate 51 + (17 - 46) + -111 + (-2 - (8 - 1)).
-98
What is the value of 2639 - 2653 - (-14 - 3)?
3
What is 15 - 24 - (9 + 9 + 4)?
-31
What is -25 + -11 + (6 + -8 - -13)?
-25
Evaluate (-73 - (-102 + 85)) + 71.
15
(-32 - (8 + -5 - -3)) + 103 + -95
-30
What is the value of (0 - -2) + -375 + 299 + 0 + -15?
-89
What is 34 + (121 + -31 - 16) - (14 + 1 + -1)?
94
-5 + 180 + (-3 - -2) - (166 + -144)
152
What is -121 - (71 - 210) - (2 - (33 - 1))?
48
Evaluate 6 + 21 - (-288 - -302).
13
Calculate 5 - (22 + (-120 - (17 - 41))).
79
What is the value of 1 + 1 + 41 + 36 + 21 + -19 + -35?
46
What is the value of (4 - 11) + (8 - (-317 + 320 - (120 - 0)))?
118
What is 29 + (-9 - ((-166 - -177) + (-4 - 1)))?
14
(29 - (29 - -82)) + (1 - 5)
-86
What is the value of (3 - 22 - (-16 - (-21 - -18))) + 50?
44
What is the value of -162 + 86 - (-2 - (5 + -4)) - 5?
-78
Evaluate (-2 - (14 + (-10 - -4))) + (14 - -7).
11
What is the value of (129 - (-1 + 123)) + -155?
-148
What is (13 + -1 + -34 - (13 - 36)) + -70?
-69
Evaluate -2 + (-10 - -121) + (15 - 41 - -37).
120
(42 + 0 - (533 + -530) - 1) + -11
27
What is -5 + (107 + -23 - 23)?
56
What is 4 - (-30 + (-8 - 18) - (8 - 4 - 1))?
63
-42 + -69 + 75 - -97
61
Evaluate -1 + 17 - (-508 + 508).
16
1 + -10 + -17 + 2 + 24 + -5 + 43
38
Calculate 165 - 1 - (738 + -653).
79
What is -12 + 0 + 4 + 13 + -16 + 0 - -14?
3
What is the value of (-121 - (67 - 169)) + (25 - -2)?
8
What is the value of (4 - 4) + 96 + 639 + -652 - -13?
96
What is the value of (-1 - (-3 - -2)) + (27 - 26) + 3 + -76?
-72
Evaluate -14 + -41 + 14 + -21 + 18.
-44
Evaluate 23 + ((-55 - -22) + 10 - 1).
-1
1374 - 1297 - (-20 + 16 - (-1 + -1))
79
What is the value of -1 + -45 - (-14 + -1 + -24 + 36)?
-43
What is the value of 5 + (-18 - (-3 - -8)) - (-99 + 97)?
-16
What is the value of 2 + -23 + (-1 - (-6 - (11 - 4)))?
-9
Calculate -67 - (39 - (92 + -65)).
-79
Evaluate 162 - (110 + 1 - 69).
120
What is -15 - (-44 + (51 - -5))?
-27
What is the value of 139 + -35 - 104 - -55?
55
What is (0 - 26) + -8 - (3 + (-9 - 2) + 6)?
-32
-9 + (0 + 19 + -10 + -1 - 0) + -66
-67
Evaluate -2 - (1316 + -1350 + (-1 - -115)).
-82
What is -69 + -2 + 97 + -28?
-2
Evaluate 993 + -1006 - (6 - 7 - (1 - 17)).
-28
64 + (0 - -24 - 15) + -35
38
Calculate 2 + -1 + 1 + (607 + -586 - (-1 - -64)).
-40
What is 137 + (-11 - (-11 - (-9 - -15)) - 1)?
142
Evaluate 94 - 70 - (-2 - -1) - (8 + -1).
18
Evaluate 28 + (-3 - 10) - 72.
-57
What is 8 + (12 - 5 - (7 - -7))?
1
Evaluate 36 - (-33 + 74 + -26 + (-8 - 4)).
33
Evaluate -5 + (-4 - -2) - (-87 + (-17 - -76)).
21
Calculate -134 - (24 + -118 - 22).
-18
(43 + -3 + 0 - (-65 - -36 - -39)) + -11
19
What is -35 + 7 + (22 - 44) + -5?
-55
Evaluate (415 - 436) + 9 + (10 - 57).
-59
Evaluate (145 + -48 - 205) + 67.
-41
What is the value of 65 + (-214 + 153 - 71)?
-67
What is the value of -89 - (-37 + 16 + -3 + -19)?
-46
Calculate (-6 - 14) + -6 - -16.
-10
-35 + (-40 - 17) + (-4 - -4) + 3
-89
1 + (-21 + 47 - 3) - 32
-8
What is the value of -2 - (12 + -19 + (6 - (-7 + -70)))?
-78
What is the value of 340 + -689 - -349 - (1 + (-1 - -26))?
-26
Evaluate 17 + (8 + -14 - 7) + 4 + 4.
12
-29 - ((27 - -8) + -70)
6
What is the value of 12 + 0 + 14 + -18 - (1349 - 1412)?
71
Evaluate (14 - 2) + 5 + -3 - (-2115 + 2128) - -11.
12
-449 + 421 + 3 + -3
-28
Evaluate -5 - (-1 + (-27 + 11 - -14 - (-8 - -4))).
-6
2 - 4 - -47 - ((-3 - -72) + -62)
38
Calculate (151 - (-32 + 178)) + (2 + -51 - -1).
-43
Calculate (-5 - (0 + -8)) + -1 - (86 + -20 - -19).
-83
Calculate 66 - (-12 + 8) - (-29 - -30).
69
Calculate 70 + -48 + 21 + -24.
19
Calculate (11 - (15 - 1)) + 13.
10
Calculate -6 + 21 + -11 + (1 + -13 - -10).
2
What is the value of (5 - -45) + -1207 + 1121?
-36
(67 - -31 - 107) + (-52 - 0)
-61
What is -70 - ((-20 - -18) + 5 + (-2 - 7))?
-64
Evaluate 15 + (0 - -72) + -49.
38
-11 + 5 + 4 - (109 + -139 + 42)
-14
Calculate (-18 - -37) + 67 - (-291 